{"id":235,"date":"2016-12-12T22:19:38","date_gmt":"2016-12-12T21:19:38","guid":{"rendered":"http:\/\/www.paroisse-saint-melaine53.fr\/?page_id=235"},"modified":"2025-09-17T15:59:00","modified_gmt":"2025-09-17T14:59:00","slug":"equipe-pastorale","status":"publish","type":"page","link":"https:\/\/www.paroisse-saint-melaine53.fr\/?page_id=235","title":{"rendered":"\u00c9quipe pastorale"},"content":{"rendered":"<p><span style=\"color: #008000\">Constitu\u00e9e\u00a0 de deux diacres permanents et de la\u00efcs cette \u00e9quipe se r\u00e9unit r\u00e9guli\u00e8rement et collabore \u00e0 l&rsquo;exercice de la charge pastorale des cur\u00e9s en portant un regard d&rsquo;ensemble sur la vie, les besoins et la mission de la paroisse.<\/span><\/p>\n<p style=\"text-align: center\">Une question, une suggestion, vous \u00eates nouveau sur la paroisse ?<\/p>\n<p style=\"text-align: center\">L&rsquo;\u00e9quipe pastorale est \u00e0 votre \u00e9coute, n&rsquo;h\u00e9sitez pas \u00e0 contacter la paroisse !<\/p>\n<p>Membres de l&rsquo;\u00e9quipe pastorale :\u00a0 <strong>Jean-Marc Raimbault (diacre permanent), Jean-Luc Meulan (diacre permanent), V\u00e9ronique Flambard, Karine Hugeron, Vincent Dauphin et Patrick Houdmon.<\/strong><\/p>\n<p><a href=\"https:\/\/www.paroisse-saint-melaine53.fr\/wp-content\/uploads\/2023\/11\/Les-Equipes-pastorales-mission-et-definition.pdf\">Les Equipes pastorales &#8211; mission et d\u00e9finition<\/a><\/p>\n","protected":false},"excerpt":{"rendered":"<p>Constitu\u00e9e\u00a0 de deux diacres permanents et de la\u00efcs cette \u00e9quipe se r\u00e9unit r\u00e9guli\u00e8rement et collabore \u00e0 l&rsquo;exercice de la charge pastorale des cur\u00e9s en portant un regard d&rsquo;ensemble sur la vie, les besoins et la mission de la paroisse. Une question, une suggestion, vous \u00eates nouveau sur la paroisse ? L&rsquo;\u00e9quipe pastorale est \u00e0 votre&hellip;&nbsp;<a href=\"https:\/\/www.paroisse-saint-melaine53.fr\/?page_id=235\" rel=\"bookmark\">Lire la suite &raquo;<span class=\"screen-reader-text\">\u00c9quipe pastorale<\/span><\/a><\/p>\n","protected":false},"author":1,"featured_media":0,"parent":0,"menu_order":0,"comment_status":"closed","ping_status":"closed","template":"","meta":{"_acf_changed":false,"advgb_blocks_editor_width":"","advgb_blocks_columns_visual_guide":"","_monsterinsights_skip_tracking":false,"_monsterinsights_sitenote_active":false,"_monsterinsights_sitenote_note":"","_monsterinsights_sitenote_category":0,"neve_meta_sidebar":"","neve_meta_container":"","neve_meta_enable_content_width":"","neve_meta_content_width":0,"neve_meta_title_alignment":"","neve_meta_author_avatar":"","neve_post_elements_order":"","neve_meta_disable_header":"","neve_meta_disable_footer":"","neve_meta_disable_title":"","footnotes":""},"class_list":["post-235","page","type-page","status-publish","hentry"],"acf":[],"aioseo_notices":[],"coauthors":[],"author_meta":{"author_link":"https:\/\/www.paroisse-saint-melaine53.fr\/?author=1","display_name":"Jean-Luc"},"relative_dates":{"created":"Publi\u00e9 9 ans il y a","modified":"Mis \u00e0 jour 8 mois il y a"},"absolute_dates":{"created":"Publi\u00e9 le 12 d\u00e9cembre 2016","modified":"Mise \u00e0 jour le 17 septembre 2025"},"absolute_dates_time":{"created":"Publi\u00e9 le 12 d\u00e9cembre 2016 22 h 19 min","modified":"Mise \u00e0 jour le 17 septembre 2025 15 h 59 min"},"featured_img_caption":"","featured_img":false,"series_order":"","_links":{"self":[{"href":"https:\/\/www.paroisse-saint-melaine53.fr\/index.php?rest_route=\/wp\/v2\/pages\/235","targetHints":{"allow":["GET"]}}],"collection":[{"href":"https:\/\/www.paroisse-saint-melaine53.fr\/index.php?rest_route=\/wp\/v2\/pages"}],"about":[{"href":"https:\/\/www.paroisse-saint-melaine53.fr\/index.php?rest_route=\/wp\/v2\/types\/page"}],"author":[{"embeddable":true,"href":"https:\/\/www.paroisse-saint-melaine53.fr\/index.php?rest_route=\/wp\/v2\/users\/1"}],"replies":[{"embeddable":true,"href":"https:\/\/www.paroisse-saint-melaine53.fr\/index.php?rest_route=%2Fwp%2Fv2%2Fcomments&post=235"}],"version-history":[{"count":18,"href":"https:\/\/www.paroisse-saint-melaine53.fr\/index.php?rest_route=\/wp\/v2\/pages\/235\/revisions"}],"predecessor-version":[{"id":5121,"href":"https:\/\/www.paroisse-saint-melaine53.fr\/index.php?rest_route=\/wp\/v2\/pages\/235\/revisions\/5121"}],"wp:attachment":[{"href":"https:\/\/www.paroisse-saint-melaine53.fr\/index.php?rest_route=%2Fwp%2Fv2%2Fmedia&parent=235"}],"curies":[{"name":"wp","href":"https:\/\/api.w.org\/{rel}","templated":true}]}}

Équipe pastorale

<p><span style="color: #008000">Constituée  de deux diacres permanents et de laïcs cette équipe se réunit régulièrement et collabore à l&rsquo;exercice de la charge pastorale des curés en portant un regard d&rsquo;ensemble sur la vie, les besoins et la mission de la paroisse.</span></p>
<p style="text-align: center">Une question, une suggestion, vous êtes nouveau sur la paroisse ?</p>
<p style="text-align: center">L&rsquo;équipe pastorale est à votre écoute, n&rsquo;hésitez pas à contacter la paroisse !</p>
<p>Membres de l&rsquo;équipe pastorale :  <strong>Jean-Marc Raimbault (diacre permanent), Jean-Luc Meulan (diacre permanent), Véronique Flambard, Karine Hugeron, Vincent Dauphin et Patrick Houdmon.</strong></p>
<p><a href="https://www.paroisse-saint-melaine53.fr/wp-content/uploads/2023/11/Les-Equipes-pastorales-mission-et-definition.pdf">Les Equipes pastorales &#8211; mission et définition</a></p>

<p>Constituée  de deux diacres permanents et de laïcs cette équipe se réunit régulièrement et collabore à l&rsquo;exercice de la charge pastorale des curés en portant un regard d&rsquo;ensemble sur la vie, les besoins et la mission de la paroisse. Une question, une suggestion, vous êtes nouveau sur la paroisse ? L&rsquo;équipe pastorale est à votre&hellip;&nbsp;<a href="https://www.paroisse-saint-melaine53.fr/?page_id=235" rel="bookmark">Lire la suite &raquo;<span class="screen-reader-text">Équipe pastorale</span></a></p>

Publié 9 ans il y a

Mis à jour 8 mois il y a

Publié le 12 décembre 2016

Mise à jour le 17 septembre 2025

Publié le 12 décembre 2016 22 h 19 min

Mise à jour le 17 septembre 2025 15 h 59 min
