{"id":356,"date":"2017-01-24T16:53:07","date_gmt":"2017-01-24T15:53:07","guid":{"rendered":"http:\/\/www.paroisse-saint-melaine53.fr\/?page_id=356"},"modified":"2025-10-06T07:45:05","modified_gmt":"2025-10-06T06:45:05","slug":"des-pretres-et-un-diacre","status":"publish","type":"page","link":"https:\/\/www.paroisse-saint-melaine53.fr\/?page_id=356","title":{"rendered":"Des pr\u00eatres et des diacres"},"content":{"rendered":"<h2 style=\"text-align: center\">Cur\u00e9s in solidum :<\/h2>\n<h2 style=\"text-align: center\">Fr. Marie-Fran\u00e7ois PERDRIX (Cur\u00e9 mod\u00e9rateur)<\/h2>\n<h2 style=\"text-align: center\">Fr. Omer Si\u00e9 COULIBALY<\/h2>\n<h2 style=\"text-align: center\">Diacres permanents :<\/h2>\n<h2 style=\"text-align: center\">Jean-Luc Meulan<\/h2>\n<h2 style=\"text-align: center\">Jean-Marc Raimbault<\/h2>\n<p style=\"text-align: right\"><em>Suite de la pr\u00e9sentation :<\/em> <a href=\"https:\/\/www.paroisse-saint-melaine53.fr\/6-communes-7-clochers\/\">Six communes et sept clochers &gt;&gt;<\/a><\/p>\n","protected":false},"excerpt":{"rendered":"<p>Cur\u00e9s in solidum : Fr. Marie-Fran\u00e7ois PERDRIX (Cur\u00e9 mod\u00e9rateur) Fr. Omer Si\u00e9 COULIBALY Diacres permanents : Jean-Luc Meulan Jean-Marc Raimbault Suite de la pr\u00e9sentation : Six communes et sept clochers &gt;&gt;<\/p>\n","protected":false},"author":1,"featured_media":1945,"parent":0,"menu_order":0,"comment_status":"closed","ping_status":"closed","template":"","meta":{"_acf_changed":false,"advgb_blocks_editor_width":"","advgb_blocks_columns_visual_guide":"","_monsterinsights_skip_tracking":false,"_monsterinsights_sitenote_active":false,"_monsterinsights_sitenote_note":"","_monsterinsights_sitenote_category":0,"neve_meta_sidebar":"","neve_meta_container":"","neve_meta_enable_content_width":"","neve_meta_content_width":0,"neve_meta_title_alignment":"","neve_meta_author_avatar":"","neve_post_elements_order":"","neve_meta_disable_header":"","neve_meta_disable_footer":"","neve_meta_disable_title":"","footnotes":""},"class_list":["post-356","page","type-page","status-publish","has-post-thumbnail","hentry"],"acf":[],"aioseo_notices":[],"coauthors":[],"author_meta":{"author_link":"https:\/\/www.paroisse-saint-melaine53.fr\/?author=1","display_name":"Jean-Luc"},"relative_dates":{"created":"Publi\u00e9 9 ans il y a","modified":"Mis \u00e0 jour 7 mois il y a"},"absolute_dates":{"created":"Publi\u00e9 le 24 janvier 2017","modified":"Mise \u00e0 jour le 6 octobre 2025"},"absolute_dates_time":{"created":"Publi\u00e9 le 24 janvier 2017 16 h 53 min","modified":"Mise \u00e0 jour le 6 octobre 2025 7 h 45 min"},"featured_img_caption":"Andr\u00e9 Hiverlet (diacre), Fr. Marie-Fran\u00e7ois Perdrix (cur\u00e9 de la paroisse), Mgr. Scherrer (notre \u00e9v\u00eaque),  Jean-Luc Meulan (diacre),  Fr. Omer Sie Coulibaly (pr\u00eatre coop\u00e9rateur)","featured_img":"https:\/\/ml8u9mzc6rsf.i.optimole.com\/cb:Y0oE.2e511\/w:1200\/h:668\/q:mauto\/f:best\/https:\/\/www.paroisse-saint-melaine53.fr\/wp-content\/uploads\/2020\/10\/Celebrants_11_10_2020.jpg","series_order":"","_links":{"self":[{"href":"https:\/\/www.paroisse-saint-melaine53.fr\/index.php?rest_route=\/wp\/v2\/pages\/356","targetHints":{"allow":["GET"]}}],"collection":[{"href":"https:\/\/www.paroisse-saint-melaine53.fr\/index.php?rest_route=\/wp\/v2\/pages"}],"about":[{"href":"https:\/\/www.paroisse-saint-melaine53.fr\/index.php?rest_route=\/wp\/v2\/types\/page"}],"author":[{"embeddable":true,"href":"https:\/\/www.paroisse-saint-melaine53.fr\/index.php?rest_route=\/wp\/v2\/users\/1"}],"replies":[{"embeddable":true,"href":"https:\/\/www.paroisse-saint-melaine53.fr\/index.php?rest_route=%2Fwp%2Fv2%2Fcomments&post=356"}],"version-history":[{"count":19,"href":"https:\/\/www.paroisse-saint-melaine53.fr\/index.php?rest_route=\/wp\/v2\/pages\/356\/revisions"}],"predecessor-version":[{"id":5165,"href":"https:\/\/www.paroisse-saint-melaine53.fr\/index.php?rest_route=\/wp\/v2\/pages\/356\/revisions\/5165"}],"wp:featuredmedia":[{"embeddable":true,"href":"https:\/\/www.paroisse-saint-melaine53.fr\/index.php?rest_route=\/wp\/v2\/media\/1945"}],"wp:attachment":[{"href":"https:\/\/www.paroisse-saint-melaine53.fr\/index.php?rest_route=%2Fwp%2Fv2%2Fmedia&parent=356"}],"curies":[{"name":"wp","href":"https:\/\/api.w.org\/{rel}","templated":true}]}}

Des prêtres et des diacres

<h2 style="text-align: center">Curés in solidum :</h2>
<h2 style="text-align: center">Fr. Marie-François PERDRIX (Curé modérateur)</h2>
<h2 style="text-align: center">Fr. Omer Sié COULIBALY</h2>
<h2 style="text-align: center">Diacres permanents :</h2>
<h2 style="text-align: center">Jean-Luc Meulan</h2>
<h2 style="text-align: center">Jean-Marc Raimbault</h2>
<p style="text-align: right"><em>Suite de la présentation :</em> <a href="https://www.paroisse-saint-melaine53.fr/6-communes-7-clochers/">Six communes et sept clochers &gt;&gt;</a></p>

<p>Curés in solidum : Fr. Marie-François PERDRIX (Curé modérateur) Fr. Omer Sié COULIBALY Diacres permanents : Jean-Luc Meulan Jean-Marc Raimbault Suite de la présentation : Six communes et sept clochers &gt;&gt;</p>

Publié 9 ans il y a

Mis à jour 7 mois il y a

Publié le 24 janvier 2017

Mise à jour le 6 octobre 2025

Publié le 24 janvier 2017 16 h 53 min

Mise à jour le 6 octobre 2025 7 h 45 min

André Hiverlet (diacre), Fr. Marie-François Perdrix (curé de la paroisse), Mgr. Scherrer (notre évêque),  Jean-Luc Meulan (diacre),  Fr. Omer Sie Coulibaly (prêtre coopérateur)
