{"id":3783,"date":"2024-05-18T14:22:28","date_gmt":"2024-05-18T13:22:28","guid":{"rendered":"https:\/\/www.paroisse-saint-melaine53.fr\/?page_id=3783"},"modified":"2025-11-28T21:10:11","modified_gmt":"2025-11-28T20:10:11","slug":"horaires-des-messes-de-la-paroisse","status":"publish","type":"page","link":"https:\/\/www.paroisse-saint-melaine53.fr\/?page_id=3783","title":{"rendered":"MESSES"},"content":{"rendered":"\n<p class=\"has-text-align-right\"><strong><mark class=\"has-inline-color has-neve-link-hover-color-color\"><a href=\"#messe\" title=\"\">Les prochaines messes<\/a><\/mark><\/strong><\/p>\n\n\n\n<h3 class=\"wp-block-heading has-text-align-center has-nv-site-bg-color has-neve-link-color-background-color has-text-color has-background has-link-color wp-elements-21976015ba96ac0ae1617ed443c55b75\" style=\"font-size:25px\"><strong>Messe tous les week-ends du mois<\/strong><\/h3>\n\n\n\n<div class=\"wp-block-columns is-layout-flex wp-container-core-columns-is-layout-9d6595d7 wp-block-columns-is-layout-flex\">\n<div class=\"wp-block-column is-layout-flow wp-block-column-is-layout-flow\" style=\"flex-basis:100%\">\n<figure class=\"wp-block-table aligncenter is-style-stripes\" style=\"font-style:normal;font-weight:600\"><table class=\"has-neve-link-color-color has-text-color has-link-color has-fixed-layout\" style=\"border-style:none;border-width:0px\"><tbody><tr><td><\/td><td class=\"has-text-align-center\" data-align=\"center\">LIEUX<\/td><td class=\"has-text-align-center\" data-align=\"center\">HORAIRES<\/td><\/tr><tr><td>Samedi<\/td><td class=\"has-text-align-center\" data-align=\"center\">Bonchamp l\u00e8s Laval<\/td><td class=\"has-text-align-center\" data-align=\"center\">18h30<\/td><\/tr><tr><td>Dimanches 1<sup>er<\/sup> et 3<sup>\u00e8me<\/sup><\/td><td class=\"has-text-align-center\" data-align=\"center\">Argentr\u00e9<\/td><td class=\"has-text-align-center\" data-align=\"center\">10h30<\/td><\/tr><tr><td>Dimanches 2<sup>\u00e8me<\/sup> et 4<sup>\u00e8me<\/sup><\/td><td class=\"has-text-align-center\" data-align=\"center\">Louvern\u00e9<\/td><td class=\"has-text-align-center\" data-align=\"center\">10h30<\/td><\/tr><\/tbody><\/table><\/figure>\n<\/div>\n<\/div>\n\n\n\n<div class=\"wp-block-columns is-layout-flex wp-container-core-columns-is-layout-9d6595d7 wp-block-columns-is-layout-flex\">\n<div class=\"wp-block-column is-layout-flow wp-block-column-is-layout-flow\" style=\"flex-basis:100%\">\n<header class=\"wp-block-advgb-columns advgb-columns-wrapper\" id=\"advgb-cols-062d739c-f4b1-4730-9690-d04cf93805ab\"><div class=\"advgb-columns-container\"><div class=\"advgb-columns advgb-columns-row advgb-is-mobile columns-valign-middle advgb-columns-1 layout-100 mbl-layout-stacked vgutter-10 order-rtl\">\n<div class=\"wp-block-advgb-column advgb-column\" id=\"advgb-col-d3f08185-05e8-49bf-a03e-0d08557747a9\" style=\"flex:none\"><div class=\"advgb-column-inner\" style=\"border-style:solid;border-width:0\">\n<h3 class=\"wp-block-heading has-nv-site-bg-color has-nv-c-2-background-color has-text-color has-background has-link-color wp-elements-3501375d65c1432d2e61ba3b99be4bca\" style=\"font-size:23px\">Messe tous les mardis du mois<\/h3>\n<\/div><\/div>\n<\/div><\/div><\/header>\n<\/div>\n<\/div>\n\n\n\n<div class=\"wp-block-columns is-layout-flex wp-container-core-columns-is-layout-9d6595d7 wp-block-columns-is-layout-flex\">\n<div class=\"wp-block-column is-layout-flow wp-block-column-is-layout-flow\" style=\"flex-basis:100%\">\n<figure class=\"wp-block-table aligncenter is-style-stripes\" style=\"padding-top:0px;padding-bottom:0px\"><table class=\"has-nv-c-2-color has-text-color has-link-color\"><tbody><tr><td class=\"has-text-align-center\" data-align=\"center\"><\/td><td class=\"has-text-align-center\" data-align=\"center\"><strong>LIEUX<\/strong><\/td><td class=\"has-text-align-center\" data-align=\"center\"><strong>HORAIRES<\/strong><br><em>( adoration 9h30)<\/em><\/td><\/tr><tr><td class=\"has-text-align-center\" data-align=\"center\"><strong>1<sup>er <\/sup>et 3<sup>\u00e8me<\/sup><\/strong> <strong>Mardi<\/strong><\/td><td class=\"has-text-align-center\" data-align=\"center\"><strong>Soulg\u00e9 \/ Ouette<\/strong><\/td><td class=\"has-text-align-center\" data-align=\"center\"><strong>10h00<\/strong><\/td><\/tr><tr><td class=\"has-text-align-center\" data-align=\"center\"><strong>2<sup>\u00e8me <\/sup>et 4<sup>\u00e8me<\/sup><\/strong> <strong>Mardi<\/strong><\/td><td class=\"has-text-align-center\" data-align=\"center\"><strong>Louvign\u00e9<\/strong><\/td><td class=\"has-text-align-center\" data-align=\"center\"><strong>10h00<\/strong><\/td><\/tr><tr><td class=\"has-text-align-center\" data-align=\"center\"><strong>5<sup>\u00e8me<\/sup><\/strong> <strong>Mardi<\/strong><\/td><td class=\"has-text-align-center\" data-align=\"center\"><strong>La Chapelle Anthenaise <\/strong><\/td><td class=\"has-text-align-center\" data-align=\"center\"><strong>10h00<\/strong><\/td><\/tr><\/tbody><\/table><\/figure>\n<\/div>\n<\/div>\n\n\n\n<div class=\"wp-block-columns is-layout-flex wp-container-core-columns-is-layout-9d6595d7 wp-block-columns-is-layout-flex\">\n<div class=\"wp-block-column is-layout-flow wp-block-column-is-layout-flow\">\n<header class=\"wp-block-advgb-columns advgb-columns-wrapper\" id=\"advgb-cols-25c4c7c0-15a3-4cf7-9595-c195391a3a47\"><div class=\"advgb-columns-container\"><div class=\"advgb-columns advgb-columns-row advgb-is-mobile columns-valign-middle advgb-columns-1 layout-100 tbl-layout-stacked mbl-layout-stacked vgutter-10\">\n<div class=\"wp-block-advgb-column advgb-column advgb-is-full-tablet advgb-is-full-mobile\" id=\"advgb-col-b0740fd1-f8d7-4cfb-a965-0c51d6c223b8\" style=\"flex:none\"><div class=\"advgb-column-inner\" style=\"border-style:solid;border-width:0\">\n<h3 class=\"wp-block-heading has-text-align-center has-nv-site-bg-color has-neve-link-hover-color-background-color has-text-color has-background has-link-color wp-elements-afdd43c7269177788488960e5ab61eb2\">Messe tous les autres jours de la semaine<\/h3>\n<\/div><\/div>\n<\/div><\/div><\/header>\n<\/div>\n<\/div>\n\n\n\n<div class=\"wp-block-columns is-layout-flex wp-container-core-columns-is-layout-9d6595d7 wp-block-columns-is-layout-flex\">\n<div class=\"wp-block-column is-layout-flow wp-block-column-is-layout-flow\" style=\"flex-basis:100%\">\n<figure class=\"wp-block-table aligncenter is-style-stripes\"><table class=\"has-nv-c-1-color has-text-color has-link-color has-fixed-layout\" style=\"border-style:none;border-width:0px\"><tbody><tr><td class=\"has-text-align-center\" data-align=\"center\"><\/td><td class=\"has-text-align-center\" data-align=\"center\"><strong>LIEUX<\/strong><\/td><td class=\"has-text-align-center\" data-align=\"center\"><strong>HORAIRES<\/strong><\/td><\/tr><tr><td class=\"has-text-align-center\" data-align=\"center\"><strong>Mercredi<\/strong><\/td><td class=\"has-text-align-center\" data-align=\"center\"><strong>Louvern\u00e9<\/strong><\/td><td class=\"has-text-align-center\" data-align=\"center\"><strong>Horaire d&rsquo;hiver : 18h \u00e0 partir du 01\/12 jusque fin avril 2026<em>( ado<\/em><\/strong><em><strong>ration 1<\/strong><\/em><strong>7h30)<\/strong><\/td><\/tr><tr><td class=\"has-text-align-center\" data-align=\"center\"><strong>Jeudi<\/strong><\/td><td class=\"has-text-align-center\" data-align=\"center\"><strong>Bonchamp l\u00e8s Laval<\/strong><\/td><td class=\"has-text-align-center\" data-align=\"center\"><strong>8h30 <em>( adoration 7h30)<\/em><\/strong><\/td><\/tr><tr><td class=\"has-text-align-center\" data-align=\"center\"><strong>Vendredi<\/strong><\/td><td class=\"has-text-align-center\" data-align=\"center\"><strong>Argentr\u00e9<\/strong><\/td><td class=\"has-text-align-center\" data-align=\"center\"><strong>18h30 <em>( <\/em><\/strong><em><strong>adoration 18h)<\/strong><\/em><\/td><\/tr><\/tbody><\/table><\/figure>\n<\/div>\n<\/div>\n\n\n\n<h3 class=\"wp-block-heading has-text-align-center has-neve-link-color-color has-text-color has-link-color wp-elements-f3b270eb7d26d8e8131f0c1b152e6cae\" id=\"messe\">Les prochaines messes : <a href=\"https:\/\/messes.info\/horaires\/paroisse%20saint%20melaine%20en%20val%20de%20jouanne%20semaine\" title=\"Messes info\"><strong>messes.info<\/strong><\/a><\/h3>\n\n\n\n<div style=\"width: 90%;height: 300px;margin: auto\">\n  \n<\/div>\n\n\n\n<p><\/p>\n\n\n\n<p><\/p>\n<style class=\"advgb-styles-renderer\">#advgb-col-d3f08185-05e8-49bf-a03e-0d08557747a9>.advgb-column-inner{text-align:center;}#advgb-col-d3f08185-05e8-49bf-a03e-0d08557747a9{width: 100%;}@media screen and (max-width: 1023px) {#advgb-col-d3f08185-05e8-49bf-a03e-0d08557747a9>.advgb-column-inner{}}@media screen and (max-width: 767px) {#advgb-col-d3f08185-05e8-49bf-a03e-0d08557747a9>.advgb-column-inner{text-align:center;}}#advgb-cols-062d739c-f4b1-4730-9690-d04cf93805ab{margin-top:0px;}@media screen and (max-width: 1023px) {#advgb-cols-062d739c-f4b1-4730-9690-d04cf93805ab{}}@media screen and (max-width: 767px) {#advgb-cols-062d739c-f4b1-4730-9690-d04cf93805ab{}}#advgb-col-d3f08185-05e8-49bf-a03e-0d08557747a9>.advgb-column-inner{text-align:center;}#advgb-col-d3f08185-05e8-49bf-a03e-0d08557747a9{width: 100%;}@media screen and (max-width: 1023px) {#advgb-col-d3f08185-05e8-49bf-a03e-0d08557747a9>.advgb-column-inner{}}@media screen and (max-width: 767px) {#advgb-col-d3f08185-05e8-49bf-a03e-0d08557747a9>.advgb-column-inner{text-align:center;}}#advgb-cols-062d739c-f4b1-4730-9690-d04cf93805ab{margin-top:0px;}@media screen and (max-width: 1023px) {#advgb-cols-062d739c-f4b1-4730-9690-d04cf93805ab{}}@media screen and (max-width: 767px) {#advgb-cols-062d739c-f4b1-4730-9690-d04cf93805ab{}}#advgb-col-d3f08185-05e8-49bf-a03e-0d08557747a9>.advgb-column-inner{text-align:center;}#advgb-col-d3f08185-05e8-49bf-a03e-0d08557747a9{width: 100%;}@media screen and (max-width: 1023px) {#advgb-col-d3f08185-05e8-49bf-a03e-0d08557747a9>.advgb-column-inner{}}@media screen and (max-width: 767px) {#advgb-col-d3f08185-05e8-49bf-a03e-0d08557747a9>.advgb-column-inner{text-align:center;}}#advgb-cols-062d739c-f4b1-4730-9690-d04cf93805ab{margin-top:0px;}@media screen and (max-width: 1023px) {#advgb-cols-062d739c-f4b1-4730-9690-d04cf93805ab{}}@media screen and (max-width: 767px) {#advgb-cols-062d739c-f4b1-4730-9690-d04cf93805ab{}}#advgb-col-d3f08185-05e8-49bf-a03e-0d08557747a9>.advgb-column-inner{text-align:center;}#advgb-col-d3f08185-05e8-49bf-a03e-0d08557747a9{width: 100%;}@media screen and (max-width: 1023px) {#advgb-col-d3f08185-05e8-49bf-a03e-0d08557747a9>.advgb-column-inner{}}@media screen and (max-width: 767px) {#advgb-col-d3f08185-05e8-49bf-a03e-0d08557747a9>.advgb-column-inner{text-align:center;}}#advgb-col-b0740fd1-f8d7-4cfb-a965-0c51d6c223b8>.advgb-column-inner{text-align:center;}#advgb-col-b0740fd1-f8d7-4cfb-a965-0c51d6c223b8{width: 100%;}@media screen and (max-width: 1023px) {#advgb-col-b0740fd1-f8d7-4cfb-a965-0c51d6c223b8>.advgb-column-inner{}}@media screen and (max-width: 767px) {#advgb-col-b0740fd1-f8d7-4cfb-a965-0c51d6c223b8>.advgb-column-inner{}}#advgb-cols-25c4c7c0-15a3-4cf7-9595-c195391a3a47{}@media screen and (max-width: 1023px) {#advgb-cols-25c4c7c0-15a3-4cf7-9595-c195391a3a47{}}@media screen and (max-width: 767px) {#advgb-cols-25c4c7c0-15a3-4cf7-9595-c195391a3a47{}}#advgb-col-b0740fd1-f8d7-4cfb-a965-0c51d6c223b8>.advgb-column-inner{text-align:center;}#advgb-col-b0740fd1-f8d7-4cfb-a965-0c51d6c223b8{width: 100%;}@media screen and (max-width: 1023px) {#advgb-col-b0740fd1-f8d7-4cfb-a965-0c51d6c223b8>.advgb-column-inner{}}@media screen and (max-width: 767px) {#advgb-col-b0740fd1-f8d7-4cfb-a965-0c51d6c223b8>.advgb-column-inner{}}#advgb-cols-25c4c7c0-15a3-4cf7-9595-c195391a3a47{}@media screen and (max-width: 1023px) {#advgb-cols-25c4c7c0-15a3-4cf7-9595-c195391a3a47{}}@media screen and (max-width: 767px) {#advgb-cols-25c4c7c0-15a3-4cf7-9595-c195391a3a47{}}#advgb-col-b0740fd1-f8d7-4cfb-a965-0c51d6c223b8>.advgb-column-inner{text-align:center;}#advgb-col-b0740fd1-f8d7-4cfb-a965-0c51d6c223b8{width: 100%;}@media screen and (max-width: 1023px) {#advgb-col-b0740fd1-f8d7-4cfb-a965-0c51d6c223b8>.advgb-column-inner{}}@media screen and (max-width: 767px) {#advgb-col-b0740fd1-f8d7-4cfb-a965-0c51d6c223b8>.advgb-column-inner{}}#advgb-cols-25c4c7c0-15a3-4cf7-9595-c195391a3a47{}@media screen and (max-width: 1023px) {#advgb-cols-25c4c7c0-15a3-4cf7-9595-c195391a3a47{}}@media screen and (max-width: 767px) {#advgb-cols-25c4c7c0-15a3-4cf7-9595-c195391a3a47{}}#advgb-col-b0740fd1-f8d7-4cfb-a965-0c51d6c223b8>.advgb-column-inner{text-align:center;}#advgb-col-b0740fd1-f8d7-4cfb-a965-0c51d6c223b8{width: 100%;}@media screen and (max-width: 1023px) {#advgb-col-b0740fd1-f8d7-4cfb-a965-0c51d6c223b8>.advgb-column-inner{}}@media screen and (max-width: 767px) {#advgb-col-b0740fd1-f8d7-4cfb-a965-0c51d6c223b8>.advgb-column-inner{}}<\/style>","protected":false},"excerpt":{"rendered":"<p>Les prochaines messes Messe tous les week-ends du mois LIEUX HORAIRES Samedi Bonchamp l\u00e8s Laval 18h30 Dimanches 1er et 3\u00e8me Argentr\u00e9 10h30 Dimanches 2\u00e8me et 4\u00e8me Louvern\u00e9 10h30 LIEUX HORAIRES( adoration 9h30) 1er et 3\u00e8me Mardi Soulg\u00e9 \/ Ouette 10h00 2\u00e8me et 4\u00e8me Mardi Louvign\u00e9 10h00 5\u00e8me Mardi La Chapelle Anthenaise 10h00 LIEUX HORAIRES Mercredi&hellip;&nbsp;<a href=\"https:\/\/www.paroisse-saint-melaine53.fr\/?page_id=3783\" rel=\"bookmark\">Lire la suite &raquo;<span class=\"screen-reader-text\">MESSES<\/span><\/a><\/p>\n","protected":false},"author":1,"featured_media":0,"parent":0,"menu_order":0,"comment_status":"closed","ping_status":"closed","template":"","meta":{"_acf_changed":false,"advgb_blocks_editor_width":"","advgb_blocks_columns_visual_guide":"","_monsterinsights_skip_tracking":false,"_monsterinsights_sitenote_active":false,"_monsterinsights_sitenote_note":"","_monsterinsights_sitenote_category":0,"neve_meta_sidebar":"full-width","neve_meta_container":"","neve_meta_enable_content_width":"","neve_meta_content_width":0,"neve_meta_title_alignment":"center","neve_meta_author_avatar":"","neve_post_elements_order":"","neve_meta_disable_header":"","neve_meta_disable_footer":"","neve_meta_disable_title":"","footnotes":"[]"},"class_list":["post-3783","page","type-page","status-publish","hentry"],"acf":[],"aioseo_notices":[],"coauthors":[],"author_meta":{"author_link":"https:\/\/www.paroisse-saint-melaine53.fr\/?author=1","display_name":"Jean-Luc"},"relative_dates":{"created":"Publi\u00e9 2 ans il y a","modified":"Mis \u00e0 jour 5 mois il y a"},"absolute_dates":{"created":"Publi\u00e9 le 18 mai 2024","modified":"Mise \u00e0 jour le 28 novembre 2025"},"absolute_dates_time":{"created":"Publi\u00e9 le 18 mai 2024 14 h 22 min","modified":"Mise \u00e0 jour le 28 novembre 2025 21 h 10 min"},"featured_img_caption":"","featured_img":false,"series_order":"","_links":{"self":[{"href":"https:\/\/www.paroisse-saint-melaine53.fr\/index.php?rest_route=\/wp\/v2\/pages\/3783","targetHints":{"allow":["GET"]}}],"collection":[{"href":"https:\/\/www.paroisse-saint-melaine53.fr\/index.php?rest_route=\/wp\/v2\/pages"}],"about":[{"href":"https:\/\/www.paroisse-saint-melaine53.fr\/index.php?rest_route=\/wp\/v2\/types\/page"}],"author":[{"embeddable":true,"href":"https:\/\/www.paroisse-saint-melaine53.fr\/index.php?rest_route=\/wp\/v2\/users\/1"}],"replies":[{"embeddable":true,"href":"https:\/\/www.paroisse-saint-melaine53.fr\/index.php?rest_route=%2Fwp%2Fv2%2Fcomments&post=3783"}],"version-history":[{"count":26,"href":"https:\/\/www.paroisse-saint-melaine53.fr\/index.php?rest_route=\/wp\/v2\/pages\/3783\/revisions"}],"predecessor-version":[{"id":5281,"href":"https:\/\/www.paroisse-saint-melaine53.fr\/index.php?rest_route=\/wp\/v2\/pages\/3783\/revisions\/5281"}],"wp:attachment":[{"href":"https:\/\/www.paroisse-saint-melaine53.fr\/index.php?rest_route=%2Fwp%2Fv2%2Fmedia&parent=3783"}],"curies":[{"name":"wp","href":"https:\/\/api.w.org\/{rel}","templated":true}]}}